 of 11 and a.
11
Let m be 4/((-1 + 4)/18). What is the highest common divisor of 16 and m?
8
Let u(r) = 40*r**2 + r + 1. Let w be u(-1). Let d = -20 + w. Suppose -3*b - 3*l + d = -b, -2*b - 5*l + 16 = 0. What is the greatest common factor of b and 143?
13
Let u be (-1014)/(-4) + (5/(-10))/1. Calculate the greatest common divisor of 23 and u.
23
Let h(j) = 2*j**2 - j + 8. Let g be h(7). What is the greatest common factor of g and 11?
11
Let o be (147/(-14))/(2*6/(-128)). Calculate the highest common divisor of o and 14.
14
Let h(t) = 15*t**2 - t + 9. Let i(f) = 2*f. Let r be i(-2). Let a be h(r). Calculate the highest common factor of 23 and a.
23
Let c = -76 - -107. What is the highest common factor of c and 155?
31
Let j be ((-33)/(-6))/((-2)/(-4)). Suppose -78*p + 86*p - 8 = 0. What is the highest common divisor of p and j?
1
Let h = -3 - -13. Suppose -2*l - h = 0, 4*m - 2*l - 2 = -4*l. What is the highest common factor of 24 and m?
3
Let v = 15 + -13. Suppose 10 = v*p - 4. What is the highest common factor of p and 7?
7
Let l(b) = -b - 2. Let o be l(-9). Suppose -2*q + o + 17 = 0. What is the greatest common divisor of q and 24?
12
Let g be 121 + -2 - 2 - -3. Calculate the greatest common factor of g and 15.
15
Let o(k) = 2*k**2 + 3*k - 1. Let q be o(-3). Let z(x) = 4*x + 7. Let h be z(q). What is the highest common factor of h and 26?
13
Suppose -51 = -3*z - 9. Let h(l) = -l**3 - 5*l**2 + 2. Let a be h(-5). Suppose -a*n = 2*n - 28. What is the highest common factor of z and n?
7
Suppose 16 = 4*v - 0. Suppose -234 = -5*n + 3*z, 0 = -3*n - v*z + 75 + 77. What is the greatest common factor of n and 12?
12
Let j be -18*1*1/(-3). Calculate the highest common divisor of j and 6.
6
Let z be 28/(-2)*((-9)/(-6) + -2). Calculate the greatest common divisor of 77 and z.
7
Let c be ((-3)/(-9))/((-3)/(-108)). What is the greatest common factor of 3 and c?
3
Let t(r) = r**3 - r**2 + 2. Let c be t(0). Suppose 5*k + 164 = 4*f + c*k, 2*f + 5*k - 108 = 0. What is the greatest common factor of 11 and f?
11
Let k(r) = r**3. Let f(l) = 3*l**3 + 10*l**2 + 4*l. Let b(h) = -f(h) + 2*k(h). Let u be b(-10). What is the highest common factor of 10 and u?
10
Suppose s + 3 = 5. Suppose l + 4*x = 21, -6*l = -s*l + 3*x - 45. Calculate the greatest common divisor of l and 99.
9
Suppose -3*q = -5*j + 15 - 4, 5*j + 5*q = 35. Suppose 0*u = -j*u + 40. Let l be (-2 - (-50)/3) + (-4)/(-12). Calculate the highest common divisor of l and u.
5
Suppose 4*z + 4*d = 104, -z - 16 = -2*z + 4*d. Suppose 0 = -3*q - h + 28, -4*q - q + 28 = -3*h. What is the highest common divisor of q and z?
8
Let f = 13 - 15. Let j be (6/f - -1) + 12. What is the greatest common factor of 90 and j?
10
Let b = -209 - -456. Calculate the highest common divisor of 13 and b.
13
Suppose -134 = -5*b - 44. Calculate the highest common divisor of 18 and b.
18
Let h(o) = -o**2 - o. Let r be h(-1). Suppose r = 2*b - b - 18. What is the greatest common divisor of b and 9?
9
Suppose 3*h = h + 148. Let n = h - -16. Calculate the greatest common divisor of 18 and n.
18
Let y = 3 + 2. Let u(o) = -o**2 + 5*o + 2. Let b be u(y). Calculate the highest common factor of 16 and b.
2
Let g(s) = -s**2 + 9*s. Let n be g(5). Let l be -3 - (-41 + (-2 - 0)). Calculate the greatest common divisor of n and l.
20
Suppose 88 + 57 = 5*w. What is the greatest common divisor of w and 174?
29
Suppose m - 20 = -2. What is the highest common divisor of m and 48?
6
Let c(o) = 71*o - 2. Let a be c(2). Suppose h + 120 = -3*h. Let i = a + h. Calculate the highest common divisor of 44 and i.
22
Suppose 3*v + 2*v - 630 = 0. Suppose -2*p + 33 = 2*l + p, -l - 3*p = -15. Calculate the greatest common factor of v and l.
18
Let p = 45 - -15. Calculate the greatest common divisor of 24 and p.
12
Let g(r) be the first derivative of 13*r**2/2 - 3*r - 1. Let k be g(6). Suppose -72 = -3*l + 18. Calculate the greatest common divisor of k and l.
15
Suppose 2*x + 2*n + 18 = 0, 3*x + x + 5*n = -39. Let c be (-1)/2 + (-1125)/x. Calculate the highest common divisor of c and 17.
17
Let d be (11/((-33)/(-36)))/1. Calculate the highest common divisor of 12 and d.
12
Let j be (408/(-17))/(6/(-4)). What is the greatest common factor of j and 8?
8
Let b = 0 + 0. Suppose 0 = 3*i + 5*o - 53 - 57, -2*i + 4*o + 44 = b. Let t be i/3 + 0 + 2. What is the greatest common factor of t and 108?
12
Let f(b) = 10 + 2 - 2 + 0 + b. Let d be f(-7). Suppose -2*s + 160 = d*s. What is the highest common divisor of s and 80?
16
Suppose 5*m = a - 1 - 14, -140 = -4*a + 4*m. What is the highest common divisor of a and 10?
10
Suppose -5*u - 4*i = 44, -4*u + 0*i = -i + 31. Let g be 0/3 - 0 - u. Calculate the greatest common factor of g and 48.
8
Let y(r) = -r**3 + 11*r**2 + 9. Let a be y(11). What is the greatest common factor of a and 6?
3
Suppose 2*l - 5*m - 27 = 49, -2*l + 56 = 5*m. What is the greatest common divisor of 3 and l?
3
Suppose -28 = -j - 5*c, -3*j = -2*j + c - 16. What is the greatest common factor of 13 and j?
13
Suppose 0 = b + 2 - 0. Let w(j) = -j + 2*j**2 - j - j**2. Let h be w(b). What is the highest common factor of 16 and h?
8
Let a(l) = -27*l + 4. Let q be a(-3). Let s(w) = w**3 - w**2 + 5. Let i be s(0). Suppose -i*y - 11 + 96 = 0. Calculate the greatest common factor of q and y.
17
Let q be -2 - ((-2)/(-1) - 0). Suppose 0 = y + 3*y - 40. Let p = q + y. Calculate the highest common factor of p and 18.
6
Suppose 2*o - 5 = -3*f + 4, -6 = -2*o. What is the highest common factor of f and 8?
1
Let g(l) = 3*l**3 - 19*l**2 - 8*l - 3. Let s be g(7). What is the highest common factor of s and 13?
13
Let i(w) = -w**3 - w + 171. Let o be i(0). Calculate the highest common divisor of o and 9.
9
Suppose 0 = 2*f - 2*y - 0*y - 14, -15 = 5*f + 5*y. Suppose 0*o - 170 = -f*o. Let m = 197 - o. What is the greatest common factor of m and 16?
16
Let z be 108/30 + 2/5. Suppose 3*g - 2*k = -k + 356, 492 = z*g + 3*k. Calculate the highest common divisor of 15 and g.
15
Let h = 7 + -12. Let j = 8 + h. Suppose -54 = -j*y - 15. What is the greatest common factor of 39 and y?
13
Suppose -p = -2 + 1. Suppose -3*b - 2*s + p = 0, -15 = -2*b + s - 5. Suppose -7 = -b*q - h, -q + 19 = 2*q + 4*h. What is the greatest common factor of 3 and q?
1
Let h = 16 + -15. What is the highest common factor of h and 1?
1
Let u = -18 + 81. What is the highest common factor of 9 and u?
9
Let i be (-2)/8 + 100/16. Let o be i/15 - 9/(-15). What is the greatest common factor of o and 5?
1
Let r(h) = 2*h + 10. Let o be r(-9). Let g = o - -6. Let b(w) = -4*w**3 - 3*w - 2. Let a be b(g). What is the highest common factor of 24 and a?
12
Let o = -39 - -63. What is the greatest common divisor of o and 36?
12
Let i = -9 - -17. Let x be -3 + 7 + 2/(-1). Suppose x*g + 49 = 129. Calculate the highest common factor of i and g.
8
Let o be 3 - (-1 + 1) - -2. Suppose o*z = 3*z + 36. What is the highest common factor of z and 45?
9
Let q be 80/45 - (-2)/9. Calculate the greatest common factor of q and 2.
2
Let y be (2 - 1)*(0 - 2) - -530. What is the greatest common factor of 48 and y?
48
Let i(d) = d**3 + 5*d**2 - d - 5. Let m be i(4). Calculate the highest common divisor of 90 and m.
45
Suppose -4*j = 2*s + 90, 3*j - 2*j - s + 27 = 0. Let t be -5*(-4)/10 - j. Calculate the greatest common factor of 39 and t.
13
Let b(s) = s**3 - 9*s**2 - 9*s + 2. Let n be b(10). Let d be 0 + 6/3 + 28. Calculate the greatest common factor of n and d.
6
Let z be ((-54)/(-15) - 2)/(1/20). What is the greatest common divisor of 4 and z?
4
Suppose 3*c = -0*c + 297. Let y = -10 - -3. Let o be (-79)/y - (-2)/(-7). What is the highest common factor of o and c?
11
Suppose w + 8 = 4*z - 10, 0 = -w + 5*z - 22. Let h be (6 + 0)*(w + 1). Let j be ((-9)/(-6))/(h/(-32)). What is the highest common divisor of 4 and j?
4
Let s = 216 - 139. Suppose 5*x = h - 8 - 3, -4*h + 26 = -2*x. Suppose h*n - 28 = 2*n. What is the greatest common divisor of s and n?
7
Let m(o) = -o**3 - 10*o**2 + 12*o + 16. Let v be m(-11). Let k = -1 + -1. Let l(i) = -18*i - 1. Let h be l(k). Calculate the greatest common factor of h and v.
5
Let t = -209 + 385. What is the greatest common factor of 16 and t?
16
Let p be 220/6*(-30)/(-20). Calculate the highest common factor of 11 and p